06 - 502 = r. Determine j(r).
12
Let y = 0 + 0. Let n(k) be the first derivative of -k**3/3 - k**2/2 - 3*k - 460. Determine n(y).
-3
Suppose 0*m - 5*m = -35. Let y(n) be the first derivative of -m + 0*n + 1/3*n**3 + 5/2*n**2. Give y(-4).
-4
Let z(n) be the first derivative of n**4/4 + 2*n**3 - n**2 - 6*n + 470. Determine z(-6).
6
Let u(s) be the second derivative of -s**4/12 + 5*s**3/6 + 5*s**2/2 - 4*s. Let g be (-11)/(-33) - 34/(-6). Determine u(g).
-1
Let y(a) = 6*a**3 - 16*a + 6*a**2 + 49 + 58 - 5*a**3 - 109. Give y(-8).
-2
Let t(s) = -2*s**2 + 3*s + 5. Let p be t(3). Let c(v) = -9*v + 1. Give c(p).
37
Let g(n) = -n. Let q(m) = -2*m - 2. Let b = -27 + 20. Let i = b + 3. Let w(y) = i*g(y) - q(y). What is w(-2)?
-10
Let v(y) = 13*y. Suppose -3*d + 6 = 5*g + 4, -2 = -2*d - 4*g. Calculate v(d).
-13
Suppose 25*d - 12*d = -78. Let v(f) = 3*f - 8. Give v(d).
-26
Let w(g) be the first derivative of -g**2 - g + 44. Suppose -3*u + 2 + 1 = 0. Calculate w(u).
-3
Let p(l) = -l**3 - 5*l**2 - 6*l - 1. Suppose -9*h + m + 8 = -10*h, -2*m = h + 12. Determine p(h).
7
Let d be (2 - -1)*3*(-92)/(-207). Let n(z) = z**3 - 4*z**2 - 3*z. Give n(d).
-12
Let b be 1/3 - (-2)/9*3. Let f(q) = -7*q**3 + q**2 + 2*q - 2. What is f(b)?
-6
Suppose -y + 5*m - 14 = 0, 7*y - 4*y + 5*m = 58. Suppose -35 + y = -6*f. Let v = f - 8. Let q(i) = -i**3 - 4*i**2 - i. Calculate q(v).
4
Let y = -777 + 782. Let j(c) = -c**2 + 5*c - 2. Calculate j(y).
-2
Let d(z) = 3*z - 96*z**2 - 3*z - z + 21 + 95*z**2. Determine d(0).
21
Suppose -3*l = 3*t - 30, 3*l + 0*l = -t + 24. Suppose 0 = 2*r + 2 - 24. Let w = l - r. Let a(h) = h**2 + 3*h + 2. Calculate a(w).
6
Let h(q) = q**2 + 6*q + 2. Suppose -z - 26 = 3*i + z, 5*i = 2*z - 54. Let r(u) = -u**2 - 13*u - 11. Let p be r(i). Let x be p/(-7) + (-2)/7. Determine h(x).
-7
Let h(z) = z**2 + 4*z. Let m = 61 + -58. What is h(m)?
21
Let k(z) = -z - 3. Suppose -4*h = 5 - 21. Suppose -h*w + 0*w = -32. Let c be (18/w)/((-15)/40). Give k(c).
3
Let a be ((-6)/12)/((-1)/20). Let j be a/(3 + (-3)/3). Let x(h) = 5*h**2 - 9*h - 5. Let r(k) = 6*k**2 - 10*k - 5. Let y(w) = -4*r(w) + 5*x(w). Give y(j).
-5
Suppose -17*x - 12 = -13*x. Suppose 3*n + 15 = 3*a, a - 2*a + 5 = n. Let w(p) = n*p + p - p - p + 2. Calculate w(x).
5
Suppose 0 = -36*h + 36 + 288. Let s(o) = -o**3 + 10*o**2 - 8*o - 9. Determine s(h).
0
Let p(s) = 7*s + 1. Let f(y) be the second derivative of y**3/6 - 5*y**2/2 - 2*y. Let u be f(-6). Let w = u + 9. Give p(w).
-13
Let v(g) = 4*g - 21. Let s be v(6). Let p(h) be the third derivative of -h**4/8 + h**3/6 + h**2. Give p(s).
-8
Suppose -5*a - 2*y + 17 = 0, -4 = -y - 3*y. Suppose 0 = a*b + 2*b - 10. Let c(g) = g**2 - 3*g + 2. Determine c(b).
0
Let l = -5 + 2. Let z(k) = -k**2 + 1. Let v(o) be the second derivative of -o**3/3 - o**2/2 - 13*o. Let x(p) = -v(p) + z(p). Calculate x(l).
-13
Let a be 11/4 + 2/8. Let r(m) = -17*m - 8. Let d(q) = -12*q - 7. Let f(z) = 4*d(z) - 3*r(z). Determine f(a).
5
Let a = 0 + 0. Let h(u) = -3*u**2 - 7. Let y(p) = 5 - 9516*p**2 + 9524*p**2 + 16. Let m(x) = -11*h(x) - 4*y(x). What is m(a)?
-7
Let f(y) = y**2 - 4*y + 5. Let c(g) = -g**2 + 4*g - 5. Let i = 41 - 47. Let t(d) = i*f(d) - 5*c(d). Give t(4).
-5
Suppose 15*o = -13*o - 56. Let z(s) = 4*s**3 + s**2 + 3*s + 1. Give z(o).
-33
Let s(n) be the second derivative of 5*n**3/6 - 5*n**2 + 971*n. Give s(-3).
-25
Let u(q) = 1. Let y(b) = -b - 3. Let j = -3 - -5. Let s(w) = j*u(w) - y(w). Suppose 0 = 38*x - 0*x - 25*x. Determine s(x).
5
Let n(c) = 2*c + 3. Let o(w) = -w - 4. Let r(p) = -3*n(p) - 2*o(p). Suppose 222 = -5*m + 282. Let j be 50/(-20)*m/(-15). What is r(j)?
-9
Suppose -4*i + 5 = -11. Let f(a) = a**2 + i*a + 2*a + 2 + 3*a. Determine f(-8).
-6
Let i(f) = -9*f + 10*f + 9 - 14. Give i(-4).
-9
Let s be 5/(-5) - (-9)/((-45)/10). Let c(j) = -j**3 - 3*j**2 - j - 5. What is c(s)?
-2
Let k = -849 - -855. Let y(b) = -10*b + 6. Determine y(k).
-54
Let c = -16 - -9. Let z(d) = 7*d**3 + d**2. Let x(a) = -20*a**3 - 4*a**2 + 1. Let u(t) = -6*x(t) - 17*z(t). What is u(c)?
-6
Let b(r) = r**2 + 4*r - 663. Let n be b(-28). Let c(w) = w**3 - 11*w**2 + 18*w + 9. Determine c(n).
9
Let g(t) = -4*t - 14. Let n(x) = 9*x + 26. Let a(p) = -7*g(p) - 3*n(p). What is a(-10)?
10
Suppose 20 = -8*z - 12. Let c(s) = -2*s + 6. Give c(z).
14
Let s(p) = 3*p - 1988 + 1983 - 2*p + 0*p. Give s(12).
7
Let x = -24 - -21. Let o be 4 + 6 + x + -13. Let f = 2 - o. Let c(s) = -s**2 + 8*s - 3. Calculate c(f).
-3
Let m(z) = -3*z - 3 - z**2 + 9 - z + 5*z. Let k be m(0). Let v(w) = 4 - k + w + 2. Calculate v(-4).
-4
Let m(z) be the third derivative of 0*z + 0 + 3/2*z**3 + 5*z**2 + 1/24*z**4. Calculate m(-4).
5
Let j(w) = w**2 - 3*w - 3. Suppose -5*n - 195 = -4*f, -f = 4*n + f + 156. Let d = 43 + n. What is j(d)?
1
Let t = 0 + 3. Let d(i) = i + 9. Let s be d(-6). Let l(n) = t*n**3 - 3*n + 1 + 0*n + n + s*n**3. Calculate l(1).
5
Let m(b) be the first derivative of b**4/4 + b**3/3 - b + 1. Suppose -25*z + 26 = -77*z + 26*z. What is m(z)?
-1
Let c(f) be the second derivative of -f**5/20 - 5*f**4/12 + 5*f**3/6 - 4*f**2 - 28*f + 1. Give c(-6).
-2
Let b(o) = -4*o**2 - 8*o - 6. Let a(u) be the first derivative of 5*u**3/3 + 4*u**2 + 5*u - 10. Let z(s) = 3*a(s) + 4*b(s). Give z(-6).
3
Suppose -3*t - 74 = -83. Suppose -3*l = -4*i - 2, 2*i = -i + t*l. Let j(r) = 7*r - 1. Calculate j(i).
-15
Let i(q) = -3*q**2 - 4*q + 4. Let s(w) = -w + 1. Let d(r) = r**2 + 2*r - 4. Let j(y) = -d(y) - 3*s(y). Let a = 28 + -29. Let p(k) = a*i(k) + 2*j(k). Give p(-6).
-2
Let m(z) = -z**3 - 4*z**2 - 5*z + 8. Let b(h) = h**3 + 5*h**2 + 4*h - 9. Let w(x) = 5*b(x) + 4*m(x). What is w(-9)?
-13
Let f(p) = -p**3 + 6*p**2 - 3*p - 4. Let z(a) = 6*a - 10. Let r = -10 - -5. Let v(g) = -5*g + 9. Let o(c) = r*v(c) - 4*z(c). Let u be o(10). Give f(u).
6
Let o(x) = -x**3 + 13*x**2 + 13*x + 20. Let v be o(14). Let s(a) = -v*a - a**2 + 6 - 6. Give s(-6).
0
Let g(u) = u**2 + 4*u + 3. Let l(q) = -7*q - 76. Let m be l(-10). Determine g(m).
15
Let h(k) = -3*k - 5. Let w(q) = q - 1. Let r(c) = -h(c) + 4*w(c). Let l(i) be the third derivative of -i**4/24 - i**3/6 - 3*i**2. Let b be l(0). Give r(b).
-6
Let m(h) be the first derivative of -h**4/4 + 4*h**3/3 - 3*h - 13. Suppose -2*c - c + 57 = 4*q, -3*c = -4*q + 39. Let d = q - 9. Calculate m(d).
6
Let m be 12/3 - (-1 + 0). Suppose -m*l - 25 = -10*l. Let q(h) = -h + 1 - 4 - 1. Give q(l).
-9
Let x be (0 - 0)*21/(-63). Suppose 5*v = -x - 25. Let b(l) = 2*l**2 + 6*l - 7. Determine b(v).
13
Suppose 4 = o - 0. Let f(p) = -3*p**3 - 22*p**2 + 20*p + 14. Let m(d) = -2*d**3 - 12*d**2 + 11*d + 8. Let a(l) = 3*f(l) - 5*m(l). Give a(o).
-10
Suppose -s - 36 = 3*s. Let k(o) = 2*o**2 - 5*o + 10. Let i(h) = -h**2 + 6*h - 11. Let y(u) = -3*i(u) - 2*k(u). Let q be y(s). Let a(f) = -f - 3. What is a(q)?
-7
Suppose 2*j - 1 - 3 = 0. Suppose j*p + 14 - 2 = 0. Let a(x) = 2*x**2 + 2*x**2 - 58 + 4*x + 56 - 3*x**2. Give a(p).
10
Let t(f) = -f**3 - 5*f**2 + f + 1. Let q(l) = -l**3 - l**2 + 14*l + 4. Let p be q(-4). Give t(p).
-19
Let w(b) = 1822*b - 616*b - 620*b - 603*b. Give w(2).
-34
Let u = -7 - -12. Suppose 2*o + 2 = -h + u*h, h + 10 = -3*o. Let k(y) = y**3 + 4*y**2 - 2. What is k(o)?
7
Suppose 2*h + 3 = 3*k + 5*h, 0 = 3*k - 2*h - 8. Let d be (-20)/6 + k/(-3). Let p(w) = 737*w + 741*w + 0 - 2952*w + 736*w + 737*w + 1. Give p(d).
5
Let s(y) = y - 8. Let l be s(8). Let x(k) = 3*k - 1 + l*k - k + 0*k. Let f(i) = -i. Let a(d) = 6*f(d) + 4*x(d). Give a(3).
2
Let a(v) = 386*v + 50 + 398*v - 798*v. Give a(3).
8
Let l(i) be the third derivative of -i**6/120 - i**5/6 - i**4/2 - i**3/3 + 39*i**2. Give l(-9).
25
Let c(p) = p**2 + 11*p - 148. Let x be c(-19). Let l(w) = -w**3 - w**2 + 7*w - 6. Give l(x).
-58
Let m(y) = y**2 - 11*y + 19. Let o(k) = k**2 - 11*k + 20. Let u(c) = -7*m(c) + 6*o(c). Determine u(11).
-13
Let b(n) = 31 - 13 + 6*n + n**3 - n**2 - n**2 - n**2 - 20. What is b(2)?
6
Let x(l) = 7*l**3 - 3*l**2 + 3*l - 6. Let q(b) = 2*b**3 + b**2 - b + 1. Let a(r) = 4*q(r) - x(r). Calculate a(-8).
2
Let y = 151 - 149. Let v(r) = 3*r**3 + r**2 - r + 1. Give v(y).
27
Let b(j) = -j**2 - 5*j - 6. Let s = -260 - -280. Suppose 5*u = 5*r + 140, 2*r + 34 = -3*u - 12. Let o = s + r. What is b(o)?
-12
Let m be 15*-1*4/(-12). Let r(n) be the second derivative of 